
False
Is 1768336 a multiple of 74?
False
Does 4 divide 31612?
True
Is 376210 a multiple of 16?
False
Is 830428 a multiple of 14?
False
Is 597 a factor of 3597375?
False
Is 2053148 a multiple of 3?
False
Is 10817835 a multiple of 14?
False
Is 45 a factor of 1485212?
False
Does 5 divide 5481565?
True
Is 376705 a multiple of 38?
False
Does 94 divide 88152?
False
Is 47567 a multiple of 13?
True
Is 7032496 a multiple of 6?
False
Does 28 divide 39312?
True
Is 572214 a multiple of 58?
False
Does 1343 divide 3380052?
False
Is 12 a factor of 17826780?
True
Is 668662 a multiple of 28?
False
Does 413 divide 575565?
False
Is 13 a factor of 523833?
False
Is 265 a factor of 2678302?
False
Is 2232087 a multiple of 11?
True
Is 153 a factor of 1160658?
True
Does 64 divide 215999?
False
Does 7 divide 881660?
False
Does 637 divide 1947946?
True
Does 10 divide 2071203?
False
Is 11 a factor of 391534?
True
Does 127 divide 1166483?
False
Is 294465 a multiple of 293?
True
Does 18 divide 230019?
False
Is 105 a factor of 36330?
True
Does 626 divide 426306?
True
Is 1773970 a multiple of 11?
True
Does 24 divide 1429152?
True
Is 136306 a multiple of 4?
False
Does 12 divide 24792?
True
Does 99 divide 10850?
False
Does 14 divide 538718?
False
Is 8010 a multiple of 3?
True
Does 15 divide 61377?
False
Is 3 a factor of 432909?
True
Is 26 a factor of 260376?
False
Is 1894344 a multiple of 68?
True
Is 2059562 a multiple of 2?
True
Is 90124 a multiple of 75?
False
Is 37 a factor of 204398?
False
Does 42 divide 16095?
False
Is 507583 a multiple of 3?
False
Is 574080 a multiple of 480?
True
Is 8 a factor of 125336?
True
Is 170192 a multiple of 176?
True
Is 406 a factor of 477862?
True
Is 14456 a multiple of 556?
True
Does 12 divide 54093?
False
Is 9 a factor of 145468?
False
Is 87 a factor of 491289?
True
Is 5368540 a multiple of 820?
True
Is 321 a factor of 2679387?
True
Is 108416 a multiple of 256?
False
Does 187 divide 2057?
True
Is 231 a factor of 456250?
False
Is 128 a factor of 4287744?
True
Does 900 divide 4242157?
False
Does 138 divide 745735?
False
Does 301 divide 599291?
True
Does 21 divide 167311?
False
Does 53 divide 357538?
True
Is 3096 a multiple of 8?
True
Is 200 a factor of 6374?
False
Does 403 divide 14084447?
True
Is 685729 a multiple of 19?
True
Is 95061 a multiple of 197?
False
Does 13 divide 240385?
False
Does 4 divide 206448?
True
Does 881 divide 1947891?
True
Does 239 divide 1224397?
True
Does 3 divide 9360662?
False
Is 12 a factor of 121008?
True
Does 248 divide 6007552?
True
Does 16 divide 806592?
True
Does 401 divide 16252931?
True
Is 1709760 a multiple of 416?
True
Is 15 a factor of 949415?
False
Is 2315342 a multiple of 31?
False
Is 4115 a multiple of 5?
True
Does 348 divide 12846493?
False
Is 10 a factor of 258201?
False
Does 144 divide 2137104?
True
Does 10 divide 5517?
False
Is 50 a factor of 636165?
False
Does 22 divide 543250?
False
Is 2922866 a multiple of 62?
True
Does 297 divide 3820322?
False
Does 87 divide 24181?
False
Is 208 a factor of 1937292?
False
Is 18 a factor of 1638018?
True
Does 35 divide 16387560?
True
Is 419113 a multiple of 22?
False
Is 10 a factor of 161071?
False
Does 36 divide 11683764?
True
Is 7 a factor of 2937?
False
Does 231 divide 1102568?
False
Is 61 a factor of 1563368?
False
Is 194534 a multiple of 42?
False
Is 274513 a multiple of 12?
False
Does 230 divide 221030?
True
Is 91566 a multiple of 23?
False
Does 961 divide 3275680?
False
Is 295698 a multiple of 39?
True
Is 17 a factor of 53579?
False
Is 104174 a multiple of 26?
False
Does 14 divide 312443?
False
Does 394 divide 794068?
False
Is 443232 a multiple of 9?
True
Is 317304 a multiple of 678?
True
Does 70 divide 553772?
False
Is 62 a factor of 833465?
False
Is 312 a factor of 32359?
False
Does 544 divide 925896?
False
Does 18 divide 12481362?
True
Is 445 a factor of 103240?
True
Is 49680 a multiple of 90?
True
Is 6 a factor of 2447264?
False
Does 40 divide 188640?
True
Does 19 divide 18709285?
False
Is 220489 a multiple of 592?
False
Is 36 a factor of 753893?
False
Is 2089339 a multiple of 233?
False
Is 8 a factor of 264612?
False
Does 225 divide 23850?
True
Is 568168 a multiple of 248?
True
Does 1041 divide 2936661?
True
Does 91 divide 149782?
False
Is 865254 a multiple of 4?
False
Does 12 divide 24985836?
True
Is 91 a factor of 1470982?
False
Is 61 a factor of 2849798?
True
Does 61 divide 587186?
True
Is 741843 a multiple of 191?
False
Does 11 divide 247485?
False
Is 16719834 a multiple of 796?
False
Does 24 divide 75958?
False
Is 9 a factor of 490509?
True
Does 12 divide 19692?
True
Does 72 divide 873456?
False
Is 304 a factor of 79459?
False
Is 27643804 a multiple of 17?
False
Is 88858 a multiple of 291?
False
Does 1152 divide 37944576?
True
Is 907343 a multiple of 40?
False
Is 17 a factor of 412879?
True
Does 3 divide 80112?
True
Is 14 a factor of 13412?
True
Is 1669 a factor of 1598902?
True
Is 1421 a factor of 8292956?
True
Does 153 divide 2188053?
True
Does 235 divide 480678?
False
Is 128 a factor of 141696?
True
Does 170 divide 3797832?
False
Is 3956084 even?
True
Is 98 a factor of 22879276?
True
Is 51346 a multiple of 6?
False
Does 368 divide 385296?
True
Is 7516125 a multiple of 85?
True
Is 15 a factor of 129240?
True
Is 1299732 a multiple of 179?
False
Is 15 a factor of 1433550?
True
Is 12 a factor of 1415556?
True
Is 8 a factor of 1647664?
True
Is 492 a factor of 2366544?
False
Is 281203 a multiple of 13?
True
Is 5310950 a multiple of 50?
True
Does 18 divide 589149?
False
Does 20 divide 774085?
False
Is 262105 a multiple of 155?
True
Does 21 divide 1099434?
True
Does 112 divide 1855148?
False
Does 21 divide 77028?
True
Does 14 divide 403305?
False
Is 17 a factor of 170391?
True
Is 104904 a multiple of 9?
True
Does 187 divide 6079373?
False
Is 4175417 a multiple of 19?
False
Does 8 divide 3964390?
False
Is 3416973 a multiple of 4?
False
Does 39 divide 901448?
False
Is 259005 a multiple of 3?
True
Does 16 divide 1799632?
True
Is 472 a factor of 13676200?
True
Is 31 a factor of 47802?
True
Is 21633 a multiple of 11?
False
Is 985 a factor of 832325?
True
Is 1898381 a multiple of 104?
False
Does 32 divide 63318?
False
Is 48 a factor of 8198892?
False
Does 31 divide 262514?
False
Is 131217 a multiple of 11?
False
Does 813 divide 706445?
False
Is 16386 a multiple of 6?
True
Does 133 divide 24455?
False
Is 5 a factor of 15990?
True
Does 37 divide 22297?
False
Is 689652 a multiple of 27?
False
Is 504181 a multiple of 346?
False
Is 16 a factor of 236040?
False
Does 102 divide 1070381?
False
Is 50 a factor of 389703?
False
Is 90 a factor of 2427631?
False
Is 31112 a multiple of 9?
False
Is 11 a factor of 501149?
True
Is 10853147 a multiple of 1294?
False
Does 47 divide 56917?
True
Is 61 a factor of 2399740?
True
Is 28 a factor of 3505086?
False
Is 1922985 a multiple of 151?
True
Is 7 a factor of 217529?
False
Is 270 a factor of 510745?
False
Is 1453270 a multiple of 174?
False
Does 7 divide 4639?
False
Is 21204 a multiple of 93?
True
Does 17 divide 36905?
False
Does 159 divide 766539?
True
Is 2446488 a multiple of 99?
True
Is 30652 a multiple of 8?
False
Is 283456 a multiple of 218?
False
Does 239 divide 311621?
False
Is 137118 a multiple of 147?
False
Does 225 divide 198818?
False
Does 1334 divide 17698178?
True
Is 1729 a factor of 16668852?
False
Is 575 a factor of 7501450?
True
Does 4 divide 56362?
False
Is 140 a factor of 21818?
False
Does 81 divide 21344673?
False
Is 40 a factor of 5262767?
False
Does 11 divide 333856?
False
Is 4305132 a multiple of 26?
True
Is 47 a factor of 619437?
False
Is 17 a factor of 1928786?
True
Is 93795 a multiple of 39?
True
Does 451 divide 2484108?
True
Is 6 a factor of 33406?
False
Is 2971343 a multiple of 13?
False
Does 8 divide 837484?
False
Does 31 divide 125290?
False
Does 125 divide 31000?
True
Does 31 divide 12579397?
True
Is 316939 a multiple of 296?
False
Is 5685363 a multiple of 9?
True
Is 249832 a multiple of 17?
True
Does 185 divide 2923723?
False
Is 261 a factor of 36540?
True
Is 63144 a multiple of 52?
False
Does 11 divide 389642?
True
Is 3243840 a multiple of 186?
True
Does 300 divide 1668756?
False
Does 39 divide 2071914?
True
Does 103 divide 1403258?
False
Is 22608000 a multiple of 628?
True
Does 13 divide 2